ppose 28 = -0*r + a*r. List the prime factors of r.
7
What are the prime factors of 16 - 10 - -1 - -2813?
2, 3, 5, 47
Let l = -1958 - -6122. List the prime factors of l.
2, 3, 347
Let u(r) = r**2 - 10*r + 8. Let l be u(8). Let c be (-38)/l - (-3)/(-4). Suppose 2*d + 5*z - 83 = 0, 0 = -c*d + z + 58 + 97. What are the prime factors of d?
3, 13
Suppose 5*q + 4*o - 41 = 0, 0*q - o - 1 = -q. Suppose -5*n + q*p + 20 = 0, 3*n + 0*n - 17 = 2*p. List the prime factors of n.
3
Suppose 30*d + 40 = 32*d. Suppose 0 = d*b - 8*b - 2904. List the prime factors of b.
2, 11
Let w(y) = 39*y**3 - 9*y**2 + 20*y - 17. List the prime factors of w(3).
5, 7, 29
Suppose 0*v + v - 3 = 3*j, -3*j - 6 = -2*v. Suppose -4*p - 153 = -v*w, 5*p - 51 = -2*w + w. List the prime factors of w.
3, 17
Let p(z) = 11*z**2 - 3*z + 3. Let a = -4 - 0. Let c be (0 + 4)/a*-1. List the prime factors of p(c).
11
Suppose -q - 3 = -4*r + 1, 5*r - 2*q = 2. Suppose 3*o = -r*h + 27, 0*o - 3*o = 5*h - 72. What are the prime factors of h?
3, 5
Let a(f) = -16*f + 24. List the prime factors of a(-8).
2, 19
Let w be (-2)/9 + (-4)/(-18). Suppose w*h - 4 = -3*g + h, 5*h = -3*g + 34. List the prime factors of 3 + (g - (-26 - -3)).
29
Suppose 0*u - 16 = -u + 4*r, 5*r + 23 = 2*u. Suppose -g = c + 2, -5*g - u*c - 14 = -4*g. Suppose g*f = 9 + 23. What are the prime factors of f?
2
Let i(t) = 142*t**2 - 9*t - 16. List the prime factors of i(-5).
3, 1193
Let o = 4 + -2. Let i(u) be the first derivative of 4*u**3/3 + 3*u**2/2 - 2*u + 95. List the prime factors of i(o).
2, 5
Let v(u) = 4*u + 19. Let c be v(-5). What are the prime factors of (c + 16/4)*122/6?
61
Let f(g) = 6*g**3 + 6*g**2 - 3*g - 56. List the prime factors of f(6).
2, 719
Let r = 488 + 81. List the prime factors of (-7)/(-42) + 2 + r/6.
97
Let c(l) = -l**3 - 5*l**2 - 8*l - 8. Let x be c(-4). Suppose -11*m = -x*m - 438. List the prime factors of (-4)/(-8)*m*1.
73
Let a = 20 - 18. Suppose a*y - 4*s + 80 = 4*y, 0 = 3*y + s - 120. Let m = y - 27. What are the prime factors of m?
13
Let l(w) = -w**2 - 5*w - 6. Suppose 0 = -0*f - 3*f - 9. Let m be l(f). Suppose n - 22 = -m*n. List the prime factors of n.
2, 11
Let j = 56 - 39. Let p = 32 - j. Let i(m) = m**3 - 14*m**2 - 15*m + 13. What are the prime factors of i(p)?
13
Suppose -4*l = -2 - 14. Suppose 2*n = l*w + 54 + 6, -74 = 4*w + 5*n. Let j = 0 - w. What are the prime factors of j?
2
Let i = 0 + 4. Suppose i*k = 5*u - 111, -4*u - 5*k + 0*k = -56. Suppose -3*z + 9 = 0, 2*z = -2*c + 3*c - u. List the prime factors of c.
5
Let w = 1141 + -798. List the prime factors of w.
7
Let t(j) = 2*j**2 - 12*j + 8. Let v(z) = z**3 + 3*z**2 - z + 2. Let n be v(-2). List the prime factors of t(n).
2, 5
Suppose -c = -0*c + 2. Let a be (-125)/(-45) + c/(-9). Suppose 0 = -4*g + 12, 8*g - a*g - 395 = -5*j. List the prime factors of j.
2, 19
Let l = -216 - -258. List the prime factors of l.
2, 3, 7
Let i(n) = 47*n**2 + 7*n - 92. What are the prime factors of i(7)?
2, 5, 113
Suppose 5*n - 3822 + 192 = 0. What are the prime factors of n?
2, 3, 11
Let c(q) = -3476*q + 46. What are the prime factors of c(-1)?
2, 3, 587
List the prime factors of (-14 - -7) + 11 - (-2 - 1757).
41, 43
Let r = 1211 + 575. What are the prime factors of r?
2, 19, 47
Suppose -7*a = -3*a - 24. Suppose -3*v + a = 5*n - 15, 11 = 5*n - 2*v. What are the prime factors of (0 - n - 34)*-1?
37
Let u be (-4)/6*-3 + -3. List the prime factors of (-21 - 1 - u)/(1/(-6)).
2, 3, 7
List the prime factors of 2620/(-30)*-14 - (-10)/(-6).
3, 11, 37
Let z(v) = v - 4. Suppose -7*x + 4 = -6*x. Let g be z(x). List the prime factors of (7 + -8)*(g + -37).
37
Let s(f) = -11 + f**3 + 14*f - 5*f - 6 + 13*f**2. Let q = -259 - -247. List the prime factors of s(q).
19
Let m be 18/(-12) + 78/(-4). Suppose -2*b - 99 = b. Let j = m - b. What are the prime factors of j?
2, 3
Suppose -2*j = -c - 7 - 10, 3*j = 4*c + 53. Suppose 5*o - 2*o = 75. Let u = o - c. What are the prime factors of u?
2, 3
Let o = 57 - -921. What are the prime factors of o?
2, 3, 163
Let t(c) = -882*c - 51. List the prime factors of t(-1).
3, 277
Let c = -1051 - -2031. List the prime factors of c.
2, 5, 7
Suppose -1020 = -7*s + 3754. What are the prime factors of s?
2, 11, 31
Suppose -3*p = 2*a - 8607, -2*p + 10*a - 15*a + 5738 = 0. What are the prime factors of p?
19, 151
Let b = 2000 + -1595. What are the prime factors of b?
3, 5
Let c be 188/(-3)*24/(-16). Let y = c + -26. List the prime factors of y.
2, 17
Suppose 19 - 53 = -5*l - w, -3*l = 5*w - 38. Let x be (4/l)/(8/36). Suppose 0 = -x*c + 5*t + 74, 4*c + t - 114 = -c. List the prime factors of c.
23
Let z(j) = 173*j + 21. Let i be z(3). Suppose -2*b + 3*m = -i, 0 = 4*b - 0*m - 5*m - 1078. List the prime factors of b.
3, 89
Let k(x) = -x**2 + 1. Let f be k(2). Let s be 238/(-6) + (-80)/(-30) + -2. Let z = f - s. List the prime factors of z.
2, 3
Suppose 3*y = 5 + 7. Suppose 5*i - i + o - 16 = 0, -i + y*o = 13. Suppose -4 = -2*f + 5*k - i*k, -5*f = k - 40. List the prime factors of f.
7
Let r(l) = 19*l - 10. Suppose 5*w - 28 = -9*w. What are the prime factors of r(w)?
2, 7
Suppose -2*i = -i. Suppose i*f + f = 21. Suppose 2*v - 13 = -2*w + f, 5*w - 2*v - 99 = 0. What are the prime factors of w?
19
Suppose 7*h + 84 = 21*h. Suppose h*r - 411 = 273. What are the prime factors of r?
2, 3, 19
Suppose -2*d = 5*z + 3*d - 1315, -z + d + 265 = 0. Suppose z - 69 = 5*m. Suppose -b + m = -0*b. What are the prime factors of b?
3, 13
Let b(g) = -g**2 + 7*g + 3. Suppose -2 = -3*i + 31. Suppose -36 = 5*l - i*l. What are the prime factors of b(l)?
3
Let k(d) = -d**2. Let r be k(0). Suppose -15*i + 11*i + 408 = r. List the prime factors of i.
2, 3, 17
Let w(p) = 7*p**2 + 9*p - 26. What are the prime factors of w(6)?
2, 5, 7
Suppose -132 = -3*y - 2*l, -y - 2*l + 44 = -l. Let b be 84*(-2 + 16/6). Suppose -b = -5*n + z - 21, -4*z = 3*n - y. What are the prime factors of n?
2
What are the prime factors of 5062 + -90 + (-5)/(-1)?
3, 7, 79
Suppose 3*v - 6 = 5*v. What are the prime factors of v - 109*(4 + -5)?
2, 53
Let a(p) = -3*p + 2. Let u be 0 + -2 - (-1 - 3). Let v be a(u). What are the prime factors of v/6*66/(-4)?
11
Let w be (-2 + 7)*(-1 - -2). Suppose -w*u = -4*u - 2. What are the prime factors of u/4 + 98/4?
5
Let d(u) = 3390*u**2 + 4*u - 5. What are the prime factors of d(1)?
3389
Let d(b) = 5*b**2 - 26. Let s be d(-4). Let f = 61 - 37. Suppose m - s = -2*m - 3*g, g + f = m. What are the prime factors of m?
3, 7
Suppose 4*i - 4015 = -1039. What are the prime factors of i?
2, 3, 31
Suppose n - 23 = v, 0*v = 4*v + 4*n + 84. List the prime factors of (1/2)/(v/(-6908)).
157
Let t = 1102 + -630. What are the prime factors of t?
2, 59
Let g(p) = 2*p + 31. Let z be g(-11). Let n = 64 - z. What are the prime factors of n?
5, 11
List the prime factors of (-14 - -12) + (372 - (3 - 2)).
3, 41
Suppose -1628 = -7*q + 6324. What are the prime factors of q?
2, 71
Suppose -5*z = -13 - 2. Suppose 0 = n + 4*v - 17, -3*n = -3*v - 2 - 19. Suppose 0 = j + z*h - 21, -5*h = n + 16. List the prime factors of j.
2, 3
Let j be (2/(-6))/((-3)/243). Let p = -25 + j. List the prime factors of (5/(-10))/(p/(-196)).
7
List the prime factors of (-6)/(-4)*-2 - (-300 - -2).
5, 59
Let c(w) = 2*w**3 - 10*w**2 + 8*w + 9. Let b be c(6). Suppose -3*z - 3*j + b = -0*j, -z = -2*j - 46. List the prime factors of z.
2, 11
Suppose -v + 4*v = 66. Suppose -4*x + v = -174. Let z = x + -3. What are the prime factors of z?
2, 23
Let f be -1*(5/((-20)/12) - 0). Suppose f*h + 435 = 8*h. What are the prime factors of h?
3, 29
Let x be 2/((-4)/2)*29. Let s = 45 + x. What are the prime factors of -1 - s*(3 + -5)?
31
Suppose a + 4*i - 26 - 275 = 0, i = -5*a + 1429. What are the prime factors of a?
3, 5, 19
Suppose -19*u + 4244 - 121 = 0. What are the prime factors of u?
7, 31
Let q be 4/18 - 11/9. Let f(z) = -2 + 1 + 2 - 11*z - 2. What are the prime factors of f(q)?
2, 5
Suppose 5*a = j + j - 2, 0 = -a - 5*j + 5. What are the prime factors of 1 + 71 - a/(-2)?
2, 3
Suppose -4*w - j + 2412 = 0, 2*w + 603 = 3*w - j. What are the prime factors of w?
3, 67
Let x be (-1 - 1)*5/(-2)*4. Let o(d) = 3*d - 26. List the prime factors of o(x).
2, 17
Let u be -2 + (32/(-4) - 3). Let o = 12 + u. Let d(r) = -31*r**3 + r**2 - r - 1. What